 divisor of 408 and 51?
51
What is the highest common factor of 2 and 8?
2
What is the greatest common factor of 115 and 46?
23
What is the greatest common factor of 1200 and 120?
120
Calculate the highest common factor of 3965 and 65.
65
Calculate the greatest common divisor of 22918 and 28.
14
What is the highest common factor of 465 and 15?
15
Calculate the highest common divisor of 756 and 288.
36
Calculate the greatest common divisor of 816 and 1392.
48
Calculate the greatest common factor of 27 and 20.
1
What is the greatest common factor of 536 and 67?
67
Calculate the greatest common divisor of 1159 and 247.
19
Calculate the greatest common factor of 13290 and 15.
15
Calculate the highest common factor of 1236 and 12.
12
Calculate the highest common divisor of 8 and 88.
8
What is the highest common divisor of 234 and 18?
18
Calculate the greatest common factor of 864 and 378.
54
Calculate the highest common divisor of 185 and 111.
37
What is the greatest common divisor of 133 and 304?
19
Calculate the greatest common divisor of 12 and 300.
12
What is the greatest common factor of 1576 and 985?
197
What is the greatest common divisor of 210 and 2688?
42
What is the greatest common divisor of 14 and 91?
7
What is the greatest common divisor of 224 and 256?
32
Calculate the greatest common divisor of 12 and 136.
4
What is the greatest common factor of 32040 and 15?
15
What is the highest common divisor of 29050 and 70?
70
What is the highest common factor of 168 and 96?
24
Calculate the greatest common factor of 686 and 196.
98
What is the highest common divisor of 42 and 714?
42
Calculate the greatest common factor of 4 and 38.
2
What is the greatest common factor of 20 and 36?
4
What is the greatest common divisor of 28 and 100?
4
Calculate the highest common factor of 2064 and 1176.
24
What is the greatest common factor of 3322 and 2416?
302
Calculate the highest common divisor of 177 and 10443.
177
Calculate the greatest common divisor of 936 and 1521.
117
Calculate the highest common divisor of 45 and 10935.
45
What is the highest common divisor of 432 and 16?
16
What is the greatest common divisor of 14 and 1841?
7
Calculate the highest common factor of 154 and 110.
22
What is the highest common factor of 256 and 5056?
64
Calculate the highest common divisor of 155 and 29605.
155
What is the highest common factor of 6 and 34?
2
Calculate the highest common factor of 18148 and 52.
52
What is the greatest common factor of 369 and 41?
41
What is the greatest common factor of 238 and 686?
14
Calculate the greatest common factor of 94 and 2.
2
What is the greatest common divisor of 10933 and 117?
13
Calculate the greatest common divisor of 18 and 50.
2
What is the highest common divisor of 15 and 4920?
15
Calculate the highest common factor of 20780 and 20.
20
Calculate the highest common divisor of 168 and 42.
42
What is the greatest common factor of 84 and 448?
28
What is the greatest common divisor of 12443 and 23?
23
What is the highest common divisor of 3176 and 16?
8
What is the highest common factor of 12 and 44352?
12
Calculate the highest common factor of 45 and 80.
5
Calculate the greatest common divisor of 288 and 2664.
72
Calculate the highest common factor of 64 and 80.
16
What is the highest common factor of 1341 and 162?
9
Calculate the highest common divisor of 533 and 52.
13
What is the greatest common divisor of 210 and 60?
30
What is the highest common factor of 268 and 1005?
67
Calculate the highest common divisor of 1176 and 48.
24
What is the greatest common factor of 168 and 13944?
168
Calculate the greatest common divisor of 481 and 611.
13
Calculate the highest common factor of 2346 and 816.
102
Calculate the greatest common factor of 133 and 19.
19
What is the greatest common divisor of 12 and 444?
12
Calculate the greatest common divisor of 216 and 2538.
54
What is the greatest common factor of 1925 and 715?
55
What is the greatest common factor of 23 and 1357?
23
Calculate the highest common divisor of 46403 and 98.
49
Calculate the greatest common divisor of 252 and 1806.
42
Calculate the greatest common factor of 32 and 4.
4
Calculate the greatest common divisor of 22 and 22.
22
What is the greatest common factor of 253 and 11?
11
What is the highest common factor of 1400 and 1925?
175
Calculate the greatest common factor of 264 and 2728.
88
Calculate the highest common divisor of 2 and 54.
2
What is the greatest common divisor of 99 and 3399?
33
What is the greatest common factor of 51 and 15?
3
What is the highest common factor of 17 and 306?
17
What is the greatest common factor of 22 and 231?
11
Calculate the greatest common divisor of 9 and 2.
1
Calculate the greatest common divisor of 64 and 104.
8
Calculate the greatest common factor of 26 and 481.
13
What is the greatest common divisor of 320 and 200?
40
Calculate the greatest common divisor of 34 and 136.
34
Calculate the highest common factor of 6083 and 308.
77
Calculate the greatest common divisor of 3 and 507.
3
What is the highest common divisor of 4658 and 68?
34
What is the greatest common divisor of 575 and 2967?
23
Calculate the greatest common divisor of 1258 and 74.
74
Calculate the highest common divisor of 50 and 2.
2
What is the greatest common divisor of 46 and 4347?
23
What is the greatest common factor of 1330 and 18810?
190
What is the greatest common divisor of 223 and 126887?
223
What is the greatest common divisor of 1414 and 14?
14
What is the greatest common factor of 375 and 1605?
15
Calculate the greatest common factor of 494 and 76.
38
What is the greatest common divisor of 18 and 1152?
18
What is the highest common factor of 5175 and 15?
15
Calculate the highest common factor of 16 and 191.
1
What is the greatest common factor of 3107 and 26?
13
Calculate the greatest common divisor of 5 and 10415.
5
Calculate the greatest common factor of 17 and 289.
17
Calculate the highest common factor of 20 and 70.
10
Calculate the highest common divisor of 4 and 86.
2
Calculate the greatest common divisor of 202 and 2626.
202
What is the greatest common divisor of 710 and 70?
10
Calculate the highest common factor of 60 and 14000.
20
Calculate the highest common divisor of 180 and 2670.
30
Calculate the highest common factor of 102 and 3.
3
Calculate the greatest common factor of 91 and 6097.
91
Calculate the greatest common divisor of 272 and 1072.
16
Calculate the highest common divisor of 160 and 2.
2
What is the highest common factor of 70 and 70?
70
What is the greatest common factor of 1460 and 20?
20
Calculate the greatest common factor of 72 and 88.
8
Calculate the highest common factor of 273 and 1248.
39
Calculate the highest common divisor of 95 and 3287.
19
What is the highest common factor of 970 and 70?
10
What is the greatest common factor of 1424 and 1024?
16
What is the greatest common factor of 130 and 30?
10
Calculate the greatest common factor of 550 and 50.
50
Calculate the greatest common factor of 12 and 128.
4
What is the greatest common divisor of 5484 and 24?
12
What is the highest common factor of 6561 and 9?
9
What is the highest common divisor of 55 and 308?
11
What is the highest common factor of 32 and 10848?
32
Calculate the highest common factor of 768 and 4.
4
Calculate the greatest common divisor of 2 and 2.
2
Calculate the highest common divisor of 280 and 532.
28
Calculate the greatest common factor of 8 and 108.
4
What is the highest common divisor of 68 and 1802?
34
What is the greatest common factor of 235 and 10?
5
What is the greatest common factor of 528 and 11?
11
Calculate the highest common factor of 11819 and 53.
53
Calculate the highest common divisor of 120 and 920.
40
Calculate the highest common divisor of 10 and 1065.
5
Calculate the greatest common factor of 1029 and 7.
7
What is the highest common divisor of 63 and 252?
63
Calculate the greatest common factor of 20 and 190.
10
Calculate the highest common factor of 3 and 141.
3
Calculate the greatest common divisor of 2965 and 1.
1
What is the greatest common factor of 2277 and 165?
33
What is the highest common factor of 2363 and 68?
17
What is the highest common divisor of 170 and 400?
10
Calculate the highest common factor